(k). Is 4 a factor of d(1)?
False
Suppose -7*p + 212 = -670. Does 23 divide p?
False
Let v = 35 - 25. Is 5 a factor of v?
True
Let j(o) be the first derivative of 3*o - o**2 + 1/3*o**3 + 1. Is j(2) even?
False
Let k(d) = -2*d - 6. Is k(-6) a multiple of 6?
True
Suppose 14 = 5*c - 3*c - 4*j, 5*c = -5*j + 20. Let v = -1 + 3. Suppose v*w + 18 = c*w. Does 4 divide w?
False
Let c(p) = -2*p - 3. Let a be c(-4). Suppose -v = -2*s + 14, -5*v - 57 = -2*v - s. Is 20 a factor of 2/a + (-592)/v?
False
Suppose 5*r = -8 + 23. Suppose d + 5*m = -r*d - 42, -5*d + 2*m - 69 = 0. Let l = -8 - d. Is l a multiple of 5?
True
Let p be (-2)/((-3)/(-9) + 0). Is p/(-4)*(0 - -22) a multiple of 15?
False
Let z be (-30)/(-1)*(-10)/(-3). Suppose -2*i - 3*i + z = 0. Does 10 divide i?
True
Let t(p) = p + 24. Let s be t(0). Suppose 3*r - s - 18 = 0. Does 14 divide r?
True
Let p(u) = -u**3 - 4*u**2 + 5*u + 2. Let m be p(-5). Is 14 a factor of m + 12*(2 - 1)?
True
Let w be (-2)/(-4)*(-74)/(-1). Let k = 59 - w. Is k a multiple of 12?
False
Let n(i) = 4*i**2 - 6. Let w(a) = -5*a**2 - a + 7. Let j(r) = 6*n(r) + 5*w(r). Let l(b) = -b**2 - b. Let s be l(1). Is 5 a factor of j(s)?
True
Suppose 6*s = -7*s + 1365. Does 15 divide s?
True
Let n = -5 + 12. Let f(m) = -n*m - 7*m + 3*m - 2. Does 15 divide f(-2)?
False
Let u(t) = -31*t - 1. Suppose -5 = -4*o - 1. Let i be u(o). Does 8 divide (3/(-6))/(2/i)?
True
Let r be (-3)/4*(-135 + 3). Let b = r + -49. Is b a multiple of 12?
False
Suppose -10*x + 9*x = -1. Suppose 0 = -0*s + s - 3. Suppose -s*z + 26 = -x. Is 3 a factor of z?
True
Suppose -3 = 3*a - 15. Suppose 2*y - 6 = -2*x, -3*y - a*x + 2*x + 10 = 0. Suppose 19 - 3 = y*j. Is 4 a factor of j?
True
Is 10 a factor of -3 + 4 - (2 - 46)?
False
Let g be 1*3 + 18/(-6). Suppose g = 2*p + 5*z - 3, 5*p + 2*z - 6 - 12 = 0. Suppose -2*o - 56 = -p*o. Is 11 a factor of o?
False
Does 4 divide ((-2)/(-6))/((-1)/(-63))?
False
Is (-15)/(-2) - (-3)/6 even?
True
Let f = -13 + 82. Is f a multiple of 27?
False
Suppose 0 = -0*i + 5*i - 10. Suppose i*g = g. Suppose g = -2*k - k - 3*c + 72, 5*c = 0. Does 12 divide k?
True
Suppose -2*k + 2*h = -4, -3*k + h - 2*h + 14 = 0. Suppose -52 = 4*n + k*a, -2*n - 4*a - a - 20 = 0. Let m = n - -31. Does 16 divide m?
True
Suppose 4*m + 6 = z, 2 = -5*m - 3. Let p(n) = 2*n**3 + 2*n**2 + 2*n - 1. Is 23 a factor of p(z)?
False
Let v(y) = -y - 10. Let h be v(-8). Is 9 a factor of h + 4 - (0 - 16)?
True
Let s(k) = k**3 + 4*k**2 - k - 3. Does 6 divide s(-3)?
False
Let b(w) = -w**2 + 13*w - 6. Let q be b(6). Let r = 53 - q. Is 8 a factor of r?
False
Let o(x) = x**2 + 5*x - 8. Is 15 a factor of o(5)?
False
Suppose -r - 2*r = -4*k - 11, -2*r = 5*k + 8. Let s be 1/((k/(-86))/1). Suppose -4*x - s + 191 = 0. Is x a multiple of 19?
False
Let j(k) = 3*k**2 - 19*k + 38. Is j(10) a multiple of 37?
True
Suppose -7*c + 16*c - 432 = 0. Is c a multiple of 12?
True
Suppose -6*b + 4*b + 4 = 0. Suppose b*l = 6*l - 4, -f = -2*l - 4. Suppose -h - 190 = -f*h. Is 18 a factor of h?
False
Let b(k) = k**3 - 7*k**2 + 5. Let s be b(7). Let y = s - 9. Does 3 divide (-26)/(-6) + y/(-6)?
False
Let w be (4/3)/(5/90). Is 8 a factor of w/10*(-10)/(-3)?
True
Let h = 15 + -4. Let c = -15 + h. Let y(d) = -d**3 - 2*d**2 - d. Is y(c) a multiple of 18?
True
Let f = -5 + 4. Suppose d = -g + 1, 5*d - 6*g = -2*g - 22. Does 2 divide f/(-2)*d + 4?
False
Let w be (6/5)/(3/15). Suppose w*t - t - 30 = 0. Does 6 divide t?
True
Suppose -1 = 2*x - 9. Suppose 0 = -x*u + 109 + 23. Does 14 divide u?
False
Suppose -108 = 4*q - 812. Is q a multiple of 10?
False
Let q be 2/6*81/3. Suppose -5*h - 122 = -3*x, x + 4*h - 27 = -q. Is x a multiple of 16?
False
Let c be (-4)/(8/6) - -149. Suppose c = 2*i + 2*x, 0 = x + x - 2. Is 24 a factor of i?
True
Suppose 4*o - w = -5*w, 4*o + 7 = 3*w. Let n be 12*(-3)/(9*o). Suppose -2*b + 34 = -0*j + 3*j, n*j + 85 = 3*b. Is b a multiple of 8?
False
Let a = 19 - -1. Is 8 a factor of a?
False
Let k be -1*10*(-2)/4. Let p(t) be the third derivative of t**5/30 - t**4/3 + t**3 - 2*t**2. Is 16 a factor of p(k)?
True
Let y(t) = t**3 - 3 + 8 + 4*t**2 - t**3 - t**3. Suppose 5*s - 2 - 34 = -4*k, 4*s + 5*k - 36 = 0. Is 4 a factor of y(s)?
False
Let z(x) = x**2 - 6*x - 2. Let a be z(7). Suppose a*f = 9 + 1. Suppose -3*u - 15 - 30 = -4*i, -4*i + 50 = f*u. Does 12 divide i?
True
Is 6 a factor of (-1455)/(-20) + 33/(-12) + 3?
False
Suppose -s + 5 - 41 = 0. Let q = -23 - s. Is 9 a factor of q?
False
Suppose -8*k = -5*k - 51. Is 6 a factor of k?
False
Let y = -23 + 74. Does 17 divide y?
True
Does 16 divide (-8)/(160/(-372))*5?
False
Let k(d) = -d + 2. Let v be k(6). Let x(n) = -2*n - 3. Let g be x(v). Suppose -2*s + 52 = s + 4*o, -3*o + 72 = g*s. Is 5 a factor of s?
False
Suppose -157 - 45 = -l. Does 3 divide l/22 + 2/(-11)?
True
Does 9 divide -12*(2 - 21/6)?
True
Suppose -5*s = 5, -5*u + 2*s - 10 = 18. Suppose 29 - 309 = 5*v. Is 14 a factor of (u/(-4))/((-6)/v)?
True
Let i be ((-6)/4)/((-9)/12). Suppose -5 = -3*v - i*v. Let q = 3 - v. Does 2 divide q?
True
Let w(v) = -v**3 - 17*v**2 - 8*v + 4. Does 35 divide w(-17)?
True
Let u(b) = 6*b**2 - 2*b - 1. Let w = -12 - -8. Let a = w - -6. Is u(a) a multiple of 7?
False
Is 13 a factor of ((-714)/(-15))/(3/15)?
False
Suppose h - 372 = -5*g, 6*g - 8*g + 8 = 0. Is h a multiple of 28?
False
Let w(k) be the third derivative of k**5/60 - k**4/6 + k**3/2 + 5*k**2. Is 8 a factor of w(5)?
True
Suppose 5*v = -5, -5*z + 933 = -z - v. Is 38 a factor of z?
False
Let g = -94 + 159. Is g a multiple of 45?
False
Let x(k) = k. Let w be x(9). Let b = w + -14. Let y = 15 + b. Does 10 divide y?
True
Suppose -4*t = 12, -5*b - 3*t = -2*t + 3. Let q be b + (1 - 0/3). Is 0 - 18*q*-1 a multiple of 16?
False
Let r(o) = -5*o + 2. Let q(c) = 9*c - 3. Let a(k) = -3*q(k) - 5*r(k). Does 17 divide a(-9)?
True
Let f(v) = v**3 - 4*v + 3. Let h be f(2). Let n be (-1 - -1)/(2 - 0). Suppose n = -2*l - h*s - 6 + 32, -48 = -5*l + s. Is l a multiple of 5?
True
Let s = 38 - 14. Is s a multiple of 7?
False
Suppose 2*d = -0*d + 8. Suppose -2*f + d = -8. Let k(a) = a**3 - 7*a**2 + 8*a. Does 7 divide k(f)?
False
Is (2/(-8))/((-3)/12)*43 a multiple of 43?
True
Let x(u) = -u**3 - 8*u**2 + 10*u + 8. Let z(m) = 3*m + 9. Let v be z(-6). Let b be x(v). Is 1 + ((-23)/b - -1) a multiple of 16?
False
Suppose -2*c + 4*n = 0, 4*n - 4 = c - 2. Let h(i) = -i - 4*i + c*i. Does 3 divide h(-2)?
True
Let d(s) = 2*s. Let l be d(-5). Is 16 a factor of l/2*-7*1?
False
Let t(u) = -u**3 + 7*u**2 + 11*u - 8. Does 8 divide t(8)?
True
Suppose 3*g = 84 + 291. Does 25 divide g?
True
Let h = 20 - 17. Suppose 3*v + h*v - 162 = 0. Is 27 a factor of v?
True
Let b(x) = x**3 + 6*x**2 - 3*x - 7. Let g = 7 + -13. Is 5 a factor of b(g)?
False
Let j = 9 + -8. Let h be 2 + (j - 4) + 3. Does 13 divide (57 - (-2 - -5))/h?
False
Suppose l + 4 - 21 = -4*a, -3*l + 3*a - 9 = 0. Does 7 divide 10 + (l/1 - 2)?
False
Let g = 323 + -192. Is 22 a factor of g?
False
Let s be (1*-1)/(6/(-12)). Suppose -2*y = s*g - 4*y - 292, 0 = 2*g - 5*y - 304. Suppose 4*i - h - 110 = -0*h, 5*i - g = -h. Is 10 a factor of i?
False
Suppose 6*s - 12 = 2*s. Let u = 3 + s. Is ((-22)/4)/((-3)/u) a multiple of 11?
True
Let m = 11 + -5. Let y = -2 + m. Suppose 0 = -3*b + y*b - 20. Does 7 divide b?
False
Suppose -164 = 3*k - 488. Suppose 32 = -4*i + k. Is 19 a factor of i?
True
Suppose -m - 4 = 1. Let r be (m - 4/2) + 1. Let p = 50 + r. Does 22 divide p?
True
Let o(z) = -z - 6. Let m be o(-8). Suppose -m*b - 2*t + 62 = 0, -3*b + 113 = -0*t - t. Is 18 a factor of b?
True
Let i be ((-6)/(-12))/(1/8). Suppose 0 = 2*p - 4*l + 4, 0 = p + 4*p + i*l - 4. Suppose 0 = -n - p*n + 47. Is 15 a factor of n?
False
Let d(y) = y - 4. Let n be d(8). Does 4 divide 1*2*14/n?
False
Let k = 248 + -161. Does 13 divide k?
False
Let o(w) = 3*w**3 - 4*w**3 + 3*w**3 - w**3 - 9 - 6*w**2 + 7*w. Let c be 5 + 1/(-3 - -4). Does 9 divide o(c)?
False
Suppose 4*u = u + 12. Suppose v - 28 + u = 0. Is 13 a factor of v?
False
Suppose 30 = d - 32. Is d a multiple of 8?
False
Does 7 divide -5*8*4/(-8)?
False
Let g = 2 + -2. Suppose g*p = -p + 11. Is 11 a factor of p?
True
Suppose 5*t + 19 = 74. Let b = 5 - t. Is 20 a factor of 30/(-4)*16/b?
True
Suppose b + 15 = 3*b + 3*x, 3*b = 3*x + 45. Suppose 3*m = -2*c + 5, -3*m + 0*m + 